{"id":29,"date":"2015-03-16T15:22:42","date_gmt":"2015-03-16T15:22:42","guid":{"rendered":"http:\/\/www.psychotherapie-osnabrueck.eu\/?page_id=29"},"modified":"2015-03-27T12:25:58","modified_gmt":"2015-03-27T12:25:58","slug":"psychotherapie","status":"publish","type":"page","link":"https:\/\/psychotherapie-kittel.de\/?page_id=29","title":{"rendered":"Psychotherapie"},"content":{"rendered":"<p><strong><span style=\"text-decoration: underline;\">Wann ist eine Psychotherapie notwendig?<\/span><\/strong><\/p>\n<p>Laut Bundespsychotherapeutenkammer erkrankt innerhalb eines Jahres in Deutschland jeder dritte Erwachsene an einer psychischen Krankheit. Psychotherapie ist dann sinnvoll, wenn Sie den Eindruck haben seelische Probleme nicht mehr alleine bew\u00e4ltigen zu k\u00f6nnen und sie zur Einschr\u00e4nkung Ihrer Lebensqualit\u00e4t und \u2013gestaltung f\u00fchren.<br \/>\nIm Rahmen einer Psychotherapie k\u00f6nnen sie sich mit professioneller Unterst\u00fctzung mit Ihren Problemen auseinandersetzten, L\u00f6sungen entwickeln und schrittweise umsetzen.<\/p>\n","protected":false},"excerpt":{"rendered":"<p>Wann ist eine Psychotherapie notwendig? Laut Bundespsychotherapeutenkammer erkrankt innerhalb eines Jahres in Deutschland jeder dritte Erwachsene an einer psychischen Krankheit. Psychotherapie ist dann sinnvoll, wenn Sie den Eindruck haben seelische Probleme nicht mehr alleine bew\u00e4ltigen zu k\u00f6nnen und sie zur Einschr\u00e4nkung Ihrer Lebensqualit\u00e4t und \u2013gestaltung f\u00fchren. Im Rahmen einer Psychotherapie k\u00f6nnen sie sich mit professioneller [&hellip;]<\/p>\n","protected":false},"author":1,"featured_media":0,"parent":0,"menu_order":0,"comment_status":"closed","ping_status":"closed","template":"","meta":{"footnotes":""},"class_list":["post-29","page","type-page","status-publish","hentry"],"_links":{"self":[{"href":"https:\/\/psychotherapie-kittel.de\/index.php?rest_route=\/wp\/v2\/pages\/29","targetHints":{"allow":["GET"]}}],"collection":[{"href":"https:\/\/psychotherapie-kittel.de\/index.php?rest_route=\/wp\/v2\/pages"}],"about":[{"href":"https:\/\/psychotherapie-kittel.de\/index.php?rest_route=\/wp\/v2\/types\/page"}],"author":[{"embeddable":true,"href":"https:\/\/psychotherapie-kittel.de\/index.php?rest_route=\/wp\/v2\/users\/1"}],"replies":[{"embeddable":true,"href":"https:\/\/psychotherapie-kittel.de\/index.php?rest_route=%2Fwp%2Fv2%2Fcomments&post=29"}],"version-history":[{"count":3,"href":"https:\/\/psychotherapie-kittel.de\/index.php?rest_route=\/wp\/v2\/pages\/29\/revisions"}],"predecessor-version":[{"id":104,"href":"https:\/\/psychotherapie-kittel.de\/index.php?rest_route=\/wp\/v2\/pages\/29\/revisions\/104"}],"wp:attachment":[{"href":"https:\/\/psychotherapie-kittel.de\/index.php?rest_route=%2Fwp%2Fv2%2Fmedia&parent=29"}],"curies":[{"name":"wp","href":"https:\/\/api.w.org\/{rel}","templated":true}]}}

<p><strong><span style="text-decoration: underline;">Wann ist eine Psychotherapie notwendig?</span></strong></p>
<p>Laut Bundespsychotherapeutenkammer erkrankt innerhalb eines Jahres in Deutschland jeder dritte Erwachsene an einer psychischen Krankheit. Psychotherapie ist dann sinnvoll, wenn Sie den Eindruck haben seelische Probleme nicht mehr alleine bewältigen zu können und sie zur Einschränkung Ihrer Lebensqualität und –gestaltung führen.<br />
Im Rahmen einer Psychotherapie können sie sich mit professioneller Unterstützung mit Ihren Problemen auseinandersetzten, Lösungen entwickeln und schrittweise umsetzen.</p>

<p>Wann ist eine Psychotherapie notwendig? Laut Bundespsychotherapeutenkammer erkrankt innerhalb eines Jahres in Deutschland jeder dritte Erwachsene an einer psychischen Krankheit. Psychotherapie ist dann sinnvoll, wenn Sie den Eindruck haben seelische Probleme nicht mehr alleine bewältigen zu können und sie zur Einschränkung Ihrer Lebensqualität und –gestaltung führen. Im Rahmen einer Psychotherapie können sie sich mit professioneller [&hellip;]</p>
